te?
True
Is 960569 composite?
False
Is 191873 a composite number?
True
Is 528877 prime?
True
Is 2879 a prime number?
True
Is 8639 prime?
False
Is 41113 composite?
False
Is 158113 composite?
False
Is 224971 prime?
False
Is 4353 a composite number?
True
Is 2242393 a composite number?
True
Is 63233 prime?
False
Is 6947 a prime number?
True
Is 6387 prime?
False
Is 244609 a prime number?
False
Is 13033 a composite number?
False
Is 2916233 prime?
False
Is 498107 a composite number?
True
Is 99643 composite?
False
Is 696239 a prime number?
True
Is 14071 prime?
True
Is 134738 a prime number?
False
Is 36077 composite?
True
Is 4443 composite?
True
Is 1207229 composite?
True
Is 70799 a composite number?
True
Is 9458 a composite number?
True
Is 32479 a prime number?
True
Is 52978 a prime number?
False
Is 43661 composite?
False
Is 29591 prime?
False
Is 36349 prime?
False
Is 2059 composite?
True
Is 212437 a composite number?
False
Is 39659 a composite number?
False
Is 108995 a prime number?
False
Is 318001 prime?
True
Is 41291 prime?
False
Is 88183 a composite number?
True
Is 2747 composite?
True
Is 7272071 prime?
False
Is 17337 composite?
True
Is 5557 a prime number?
True
Is 430127 a prime number?
False
Is 29567 prime?
True
Is 1172777 a composite number?
False
Is 8747 prime?
True
Is 1666711 a prime number?
True
Is 2629 composite?
True
Is 697969 a composite number?
True
Is 4764313 prime?
False
Is 6341 a composite number?
True
Is 324053 a prime number?
True
Is 428767 composite?
True
Is 1166741 composite?
False
Is 181991 a prime number?
False
Is 9034 prime?
False
Is 80059 prime?
False
Is 19457 a composite number?
False
Is 173861 composite?
False
Is 11591 prime?
False
Is 68245 composite?
True
Is 622813 prime?
True
Is 4091 composite?
False
Is 9617 prime?
False
Is 476563 composite?
True
Is 347621 prime?
True
Is 10391 a prime number?
True
Is 717 a composite number?
True
Is 40231 prime?
True
Is 41497 a prime number?
False
Is 33149 a prime number?
True
Is 10883 a composite number?
False
Is 205701 prime?
False
Is 270049 a prime number?
False
Is 49349 a composite number?
True
Is 75817 composite?
True
Is 223823 a composite number?
False
Is 40301 composite?
True
Is 79694 a prime number?
False
Is 542533 a composite number?
False
Is 26981 prime?
True
Is 28181 prime?
True
Is 51257 composite?
False
Is 81611 a composite number?
False
Is 6599 prime?
True
Is 83047 prime?
True
Is 54793 prime?
False
Is 1306945 a composite number?
True
Is 4127 a composite number?
False
Is 21059 a prime number?
True
Is 43459 composite?
True
Is 180917 a prime number?
False
Is 37419 a prime number?
False
Is 68863 prime?
True
Is 13367 prime?
True
Is 12197 a composite number?
False
Is 8849 composite?
False
Is 479 a prime number?
True
Is 48181 a composite number?
True
Is 1274699 prime?
False
Is 418129 prime?
True
Is 53971 a composite number?
True
Is 8546 composite?
True
Is 1801 composite?
False
Is 1312951 a prime number?
True
Is 36871 prime?
True
Is 646543 a prime number?
True
Is 104207 a prime number?
True
Is 272201 a prime number?
True
Is 5312261 prime?
True
Is 9257 a composite number?
False
Is 4073 prime?
True
Is 269259 composite?
True
Is 268669 a composite number?
True
Is 197143 composite?
True
Is 5981 composite?
False
Is 72017 a prime number?
False
Is 36341 a composite number?
False
Is 16373 a composite number?
True
Is 3203 a prime number?
True
Is 28235 a prime number?
False
Is 1007 a prime number?
False
Is 277274 a composite number?
True
Is 135301 a composite number?
False
Is 6595 composite?
True
Is 8069 composite?
False
Is 254755 prime?
False
Is 81293 prime?
True
Is 15146 a composite number?
True
Is 1151 a prime number?
True
Is 16015 a prime number?
False
Is 1897769 a composite number?
True
Is 114983 a composite number?
True
Is 738709 prime?
False
Is 6743 a composite number?
True
Is 19157 prime?
True
Is 17281 a composite number?
True
Is 20245 prime?
False
Is 434561 a composite number?
False
Is 73009 a composite number?
False
Is 9566 composite?
True
Is 3831 a prime number?
False
Is 17693 a composite number?
True
Is 102241 a composite number?
False
Is 110431 composite?
False
Is 188642 prime?
False
Is 853 composite?
False
Is 23719 composite?
False
Is 190649 prime?
True
Is 125357 a composite number?
True
Is 11213 a composite number?
False
Is 1462389 prime?
False
Is 94 a composite number?
True
Is 243223 a prime number?
False
Is 100726 composite?
True
Is 557 prime?
True
Is 124601 a composite number?
False
Is 926093 a prime number?
False
Is 16151 a prime number?
False
Is 21467 a composite number?
False
Is 104243 composite?
False
Is 117563 a composite number?
False
Is 5053 a composite number?
True
Is 14243 composite?
False
Is 993523 a prime number?
False
Is 45569 a composite number?
False
Is 93326 composite?
True
Is 244097 a prime number?
False
Is 631 composite?
False
Is 16301 composite?
False
Is 10421 composite?
True
Is 2646041 a composite number?
False
Is 280861 a prime number?
False
Is 1521137 a prime number?
False
Is 32297 a prime number?
True
Is 41279 a composite number?
True
Is 107639 prime?
False
Is 7283 prime?
True
Is 1898153 a prime number?
True
Is 1151 composite?
False
Is 77759 prime?
False
Is 34819 prime?
True
Is 12895 prime?
False
Is 21949 a composite number?
True
Is 12889 prime?
True
Is 28761 prime?
False
Is 61627 a prime number?
True
Is 409063 composite?
False
Is 460013 prime?
True
Is 7403 a composite number?
True
Is 263429 a composite number?
False
Is 1669 prime?
True
Is 53107 a prime number?
False
Is 1439 a prime number?
True
Is 1361 a prime number?
True
Is 538117 a composite number?
False
Is 281717 a composite number?
False
Is 71653 a composite number?
True
Is 167711 prime?
True
Is 2095 a composite number?
True
Is 499003 a prime number?
False
Is 73961 prime?
True
Is 224813 a composite number?
False
Is 1276349 prime?
False
Is 146701 composite?
False
Is 1095607 a composite number?
True
Is 67003 a prime number?
True
Is 154577 a composite number?
True
Is 77722 a composite number?
True
Is 5669 composite?
False
Is 4867 a prime number?
False
Is 55967 a composite number?
False
Is 840311 prime?
False
Is 73943 composite?
False
Is 27463 prime?
False
Is 85477 composite?
True
Is 424283 a prime number?
False
Is 35401 a prime number?
True
Is 63491 a composite number?
True
Is 474659 a composite number?
False
Is 1035917 composite?
False
Is 175811 a composite number?
False
Is 1069687 prime?
True
Is 20534 composite?
True
Is 58243 a prime number?
True
Is 3027 prime?
False
Is 342413 composite?
False
Is 6803 a prime number?
True
Is 3299 composite?
False
Is 258982 prime?
False
Is 23455 a composite number?
True
Is 877 prime?
True
Is 242981 a prime number?
False
Is 47597 composite?
True
Is 57221 a prime number?
True
Is 1823 a composite number?
False
Is 1337 composite?
True
Is 155069 a composite number?
False
Is 27341 a composite number?
True
Is 395023 prime?
True
Is 2417 a prime number?
True
Is 30427 prime?
True
Is 184949 a prime number?
True
Is 507071 a composite number?
False
Is 17011 a composite number?
False
Is 11513 a prime number?
False
Is 12359 a composite number?
True
Is 326333 composite?
True
Is 2599 a prime number?
False
Is 94 composite?
True
Is 960223 a composite number?
True
Is 19742 prime?
False
Is 2579 composite?
False
Is 322797 a prime number?
False
Is 13009 composite?
False
Is 5435 a prime number?
False
Is 95911 prime?
True
Is 476701 a prime number?
True
Is 26371 a composite number?
False
Is 10195 a prime number?
False
Is 59791 a composite number?
False
Is 16099 composite?
True
Is 88743 prime?
False
Is 208959 a composite number?
True
Is 59861 composite?
True
Is 195367 composite?
True
Is 132377 a prime number?
False
Is 2633 a composite number?
False
Is 176081 a composite number?
False
Is 3259 a prime number?
True
Is 62273 a composite number?
False
Is 293 prime?
True
Is 768191 prime?
True
Is 36437 a prime number?
False
Is 56081 prime?
True
Is 76579 a composite number?
False
Is 1324801 a prime number?
False
Is 2287 composite?
False
Is 2833409 prime?
True
Is 465838 prime?
False
Is 19571 prime?
True
Is 338783 composite?
True
Is 638347 prime?
True
Is 2476274 composite?
True
Is 3236323 prime?
True
Is 65019 prime?
False
Is 5953 a prime number?
True
Is 2722 composite?
True
Is 43723 a composite numbe